es 891 divide 54236999?
False
Does 24 divide 429714223?
False
Does 11 divide 17198368?
True
Is 100858056 a multiple of 6?
True
Does 54 divide 193739409?
False
Is 88 a factor of 8988452?
False
Is 34897796 a multiple of 11?
False
Is 102 a factor of 25078128?
True
Is 22685665 a multiple of 200?
False
Does 55 divide 1105671655?
True
Is 75336064 a multiple of 16?
True
Is 25 a factor of 5410046?
False
Is 51 a factor of 2596962512?
False
Is 66798168 a multiple of 10?
False
Is 446453832 a multiple of 88?
True
Does 1437 divide 317826312?
False
Is 14 a factor of 191272757?
False
Is 1680351120 a multiple of 441?
True
Is 40833752 a multiple of 278?
True
Is 14 a factor of 195394627?
False
Is 112 a factor of 14252672?
True
Is 29 a factor of 33856057?
False
Is 41 a factor of 2339951319?
False
Is 691831964 a multiple of 12?
False
Does 20 divide 34431894?
False
Is 10 a factor of 1058202210?
True
Is 357723979 a multiple of 3134?
False
Is 1535463999 a multiple of 9?
True
Is 2300843971 a multiple of 122?
False
Is 108 a factor of 16824004?
False
Is 421 a factor of 637306419?
False
Is 226126273 a multiple of 169?
False
Is 151070640 a multiple of 10?
True
Is 2368 a factor of 46237191?
False
Is 26947168 a multiple of 1768?
False
Is 134 a factor of 6550858?
True
Is 90625216 a multiple of 64?
True
Is 51 a factor of 6825740?
False
Is 182176392 a multiple of 8?
True
Is 261 a factor of 150582774?
False
Does 904 divide 303422846?
False
Is 150093750 a multiple of 125?
True
Does 60 divide 91435980?
True
Is 890 a factor of 43864530?
False
Is 1179770134 a multiple of 83?
True
Is 16955250 a multiple of 975?
True
Does 325 divide 152696938?
False
Is 198594180 a multiple of 972?
True
Is 72 a factor of 854775216?
True
Is 56941246 a multiple of 4?
False
Is 170 a factor of 18710370?
True
Is 1388 a factor of 283332440?
True
Does 773 divide 227262?
True
Is 60 a factor of 62402847?
False
Is 73670013 a multiple of 27?
True
Is 1970766368 a multiple of 32?
True
Does 14 divide 120392410?
False
Does 1712 divide 32231824?
True
Is 2271319228 a multiple of 15?
False
Does 284 divide 391467370?
False
Is 44400796 a multiple of 44?
True
Is 160397720 a multiple of 1087?
True
Does 124 divide 36242077?
False
Is 42998521 a multiple of 108?
False
Is 233 a factor of 24632864?
False
Does 23 divide 198468048?
False
Is 5 a factor of 106770816?
False
Does 157 divide 1903330154?
True
Is 14267696 a multiple of 376?
True
Is 56 a factor of 1848448?
True
Is 214932648 a multiple of 119?
False
Is 28857120 a multiple of 4?
True
Is 18428456 a multiple of 321?
False
Does 88 divide 111865688?
True
Is 910474661 a multiple of 7023?
False
Is 43180605 a multiple of 1115?
True
Is 4 a factor of 345861129?
False
Is 233515206 a multiple of 157?
True
Is 80089086 a multiple of 231?
True
Is 11 a factor of 158480949?
True
Does 334 divide 3358329153?
False
Does 2643 divide 3384208206?
True
Does 64 divide 2426828874?
False
Is 277666 a multiple of 49?
False
Is 643728550 a multiple of 50?
True
Does 75 divide 332492550?
True
Is 3 a factor of 51917703?
True
Is 185 a factor of 83911745?
True
Is 18621628 a multiple of 91?
False
Is 150 a factor of 288648028?
False
Is 329 a factor of 70012151?
False
Is 36144360 a multiple of 15?
True
Is 22164940 a multiple of 514?
False
Does 3 divide 29628458?
False
Does 16 divide 57919154?
False
Is 98 a factor of 845808479?
False
Is 302 a factor of 29241150?
True
Does 24 divide 16364935?
False
Is 639 a factor of 20040318?
True
Does 174 divide 1598666934?
True
Is 238512360 a multiple of 185?
True
Is 3125963424 a multiple of 24?
True
Is 106 a factor of 32352182?
False
Does 12 divide 6504809675?
False
Is 7775739 a multiple of 1413?
True
Is 72 a factor of 40016952?
True
Is 206 a factor of 99633342?
True
Is 68 a factor of 47362544?
True
Is 561868872 a multiple of 790?
False
Does 1882 divide 122573164?
False
Does 847 divide 322219789?
False
Is 234575046 a multiple of 5785?
False
Does 614 divide 71610125?
False
Is 35 a factor of 70990710?
True
Does 13 divide 154096228?
True
Does 286 divide 176772069?
False
Is 114578638 a multiple of 11?
False
Does 2199 divide 1807061208?
False
Does 134 divide 5016313182?
True
Is 86776560 a multiple of 1898?
True
Is 60 a factor of 389157885?
False
Is 12 a factor of 540024048?
True
Is 1070 a factor of 16228854?
False
Is 35588403 a multiple of 2511?
True
Is 1531 a factor of 14158657?
False
Is 102131027 a multiple of 632?
False
Does 16 divide 27490864?
True
Does 43 divide 47731335?
False
Does 46 divide 92185058?
True
Is 16364348 a multiple of 737?
True
Is 56453482 a multiple of 1574?
False
Is 167 a factor of 89545400?
True
Does 259 divide 34231771?
True
Is 24 a factor of 1637838144?
True
Does 142 divide 1053723819?
False
Is 52 a factor of 17886631?
False
Is 71984248 a multiple of 213?
False
Is 79 a factor of 97592097?
True
Does 198 divide 3353313178?
False
Is 15415470 a multiple of 6?
True
Is 758 a factor of 60085144?
True
Is 361 a factor of 298764322?
True
Is 24264982 a multiple of 14?
True
Is 6 a factor of 59922674?
False
Is 150 a factor of 84112873?
False
Is 376 a factor of 298113160?
False
Is 205 a factor of 2678800205?
False
Is 29 a factor of 1979508506?
True
Is 4 a factor of 12366223?
False
Is 5134530940 a multiple of 121?
True
Is 17653937 a multiple of 111?
False
Does 875 divide 1510709073?
False
Is 25 a factor of 374950859?
False
Is 8079 a factor of 355088208?
True
Is 1191 a factor of 2056945134?
True
Does 27 divide 436583547?
True
Is 128 a factor of 74768896?
True
Does 15 divide 2228116?
False
Does 22 divide 418445192?
True
Does 110 divide 405347537?
False
Is 44 a factor of 313468?
False
Is 2 a factor of 4622189?
False
Does 15 divide 467108941?
False
Is 289 a factor of 85919411?
True
Does 515 divide 12663335?
True
Does 16 divide 25890087?
False
Is 20 a factor of 207649374?
False
Does 74 divide 882411742?
True
Is 14103882 a multiple of 26?
True
Is 72414076 a multiple of 122?
True
Is 872 a factor of 15805226?
False
Does 10 divide 16327760?
True
Is 25 a factor of 169189063?
False
Is 185974156 a multiple of 43?
False
Does 21 divide 6604624?
False
Is 417216506 a multiple of 16?
False
Does 9 divide 4925949611?
False
Does 106 divide 194443220?
True
Does 190 divide 28163899?
False
Is 21 a factor of 1354605?
True
Is 17 a factor of 210304314?
True
Is 6 a factor of 22169502?
True
Is 1877164550 a multiple of 3666?
False
Is 40 a factor of 1871836920?
True
Is 12 a factor of 1132649602?
False
Does 40 divide 230734965?
False
Is 448051040 a multiple of 368?
True
Does 591 divide 304508613?
True
Is 35 a factor of 1164043720?
True
Is 268 a factor of 1087337164?
False
Is 78 a factor of 333620820?
True
Is 8232 a factor of 1376151672?
True
Is 68 a factor of 111765752?
True
Does 9 divide 1463070778?
False
Is 299 a factor of 1462766820?
False
Is 8 a factor of 444864?
True
Is 1701531 even?
False
Does 5 divide 1447987?
False
Is 89095580 a multiple of 140?
True
Is 371 a factor of 46662782?
False
Is 6340695 a multiple of 178?
False
Is 190500186 a multiple of 5262?
True
Is 30725029 a multiple of 5?
False
Is 19 a factor of 56319800?
True
Is 49 a factor of 1204560?
False
Does 53 divide 99163299?
False
Is 844706100 a multiple of 4116?
True
Does 320 divide 2991873600?
True
Is 4606709 a multiple of 102?
False
Does 430 divide 246638110?
True
Does 17 divide 109973069?
False
Is 24 a factor of 517333056?
True
Is 15322318 a multiple of 22?
True
Is 133177388 a multiple of 139?
False
Is 568 a factor of 2069585599?
False
Is 13 a factor of 119326?
False
Is 768275485 a multiple of 13?
False
Is 14 a factor of 136479523?
False
Does 2531 divide 2396808911?
True
Is 67420222 a multiple of 128?
False
Is 2231565 even?
False
Does 2 divide 506323613?
False
Is 767 a factor of 232875477?
False
Is 449928616 a multiple of 8?
True
Is 304 a factor of 435889177?
False
Does 646 divide 27766089?
False
Is 62088216 a multiple of 516?
True
Is 369127385 a multiple of 1639?
True
Does 18 divide 34674091?
False
Does 3 divide 527590373?
False
Does 943 divide 18630485?
False
Is 19 a factor of 3273051?
False
Is 99487373 a multiple of 1255?
False
Does 4 divide 200608739?
False
Is 478245624 a multiple of 23?
True
Is 10 a factor of 231732180?
True
Is 316070610 a multiple of 10?
True
Is 156 a factor of 3235508423?
False
Does 143 divide 222219712